{"id":25610,"date":"2022-10-26T12:10:32","date_gmt":"2022-10-26T09:10:32","guid":{"rendered":"https:\/\/www.themulberrycollection.com\/?post_type=faq&#038;p=25610"},"modified":"2025-06-01T05:16:12","modified_gmt":"2025-06-01T02:16:12","slug":"villada-klima-var-mi","status":"publish","type":"faq","link":"https:\/\/www.themulberrycollection.com\/tr\/faq\/villada-klima-var-mi\/","title":{"rendered":"Villada klima var m\u0131?"},"content":{"rendered":"<p>Evet, sitemizde listelenen t\u00fcm m\u00fclklerde, kiralama fiyat\u0131na \u00fccretsiz klima dahildir.<\/p>\n","protected":false},"author":16,"template":"","faq_groups":[],"class_list":["post-25610","faq","type-faq","status-publish","hentry"],"_links":{"self":[{"href":"https:\/\/www.themulberrycollection.com\/tr\/wp-json\/wp\/v2\/sss\/25610","targetHints":{"allow":["GET"]}}],"collection":[{"href":"https:\/\/www.themulberrycollection.com\/tr\/wp-json\/wp\/v2\/sss"}],"about":[{"href":"https:\/\/www.themulberrycollection.com\/tr\/wp-json\/wp\/v2\/types\/faq"}],"author":[{"embeddable":true,"href":"https:\/\/www.themulberrycollection.com\/tr\/wp-json\/wp\/v2\/users\/16"}],"wp:attachment":[{"href":"https:\/\/www.themulberrycollection.com\/tr\/wp-json\/wp\/v2\/media?parent=25610"}],"wp:term":[{"taxonomy":"faq-group","embeddable":true,"href":"https:\/\/www.themulberrycollection.com\/tr\/wp-json\/wp\/v2\/faq_groups?post=25610"}],"curies":[{"name":"wp","href":"https:\/\/api.w.org\/{rel}","templated":true}]}}

Villada klima var mı?

<p>Evet, sitemizde listelenen tüm mülklerde, kiralama fiyatına ücretsiz klima dahildir.</p>
